{"id":161,"date":"2023-06-14T02:01:50","date_gmt":"2023-06-14T02:01:50","guid":{"rendered":"https:\/\/jmconsulting.net.br\/?page_id=161"},"modified":"2023-06-14T02:01:51","modified_gmt":"2023-06-14T02:01:51","slug":"gestao-de-vendas","status":"publish","type":"page","link":"https:\/\/jmconsulting.net.br\/index.php\/gestao-de-vendas\/","title":{"rendered":"GEST\u00c3O DE VENDAS"},"content":{"rendered":"\n<p>Com a finalidade de <strong>organizar as informa\u00e7\u00f5es, transform\u00e1-las em conhecimento e dando velocidade nas tomadas de decis\u00f5es <\/strong>desenvolvemos uma ferramenta exclusiva para os distribuidores do Agroneg\u00f3cio, seu nome: <strong>\u201cAthila Intelligence\u201d,<\/strong> um Portal de vendas customizado para sua empresa.<\/p>\n\n\n\n<p><strong>Caracter\u00edsticas do Portal.<\/strong><\/p>\n\n\n\n<ol class=\"wp-block-list\">\n<li>F\u00e1cil operacionalidade.<\/li>\n\n\n\n<li>Opera em ambientes Online e Off Line.<\/li>\n\n\n\n<li>Aplicativo exclusivo.<\/li>\n\n\n\n<li>Poss\u00edvel operar diversas condi\u00e7\u00f5es comerciais ao mesmo tempo.<\/li>\n\n\n\n<li>Gest\u00e3o de volumes e rentabilidade ao mesmo tempo<\/li>\n\n\n\n<li>Faz a gest\u00e3o dos B\u00f4nus das equipes.<\/li>\n\n\n\n<li>\u00c9 um aliado na Gest\u00e3o das garantias das vendas.<\/li>\n\n\n\n<li>Faz a Gest\u00e3o da estrat\u00e9gia de atendimento os clientes.<\/li>\n\n\n\n<li>\u00c9 a auto gest\u00e3o da For\u00e7a de Vendas.&nbsp;<\/li>\n<\/ol>\n\n\n\n<figure class=\"wp-block-image size-full\"><img loading=\"lazy\" decoding=\"async\" width=\"474\" height=\"346\" src=\"https:\/\/jmconsulting.net.br\/wp-content\/uploads\/2023\/06\/gestaoVEndas.png\" alt=\"\" class=\"wp-image-162\" srcset=\"https:\/\/jmconsulting.net.br\/wp-content\/uploads\/2023\/06\/gestaoVEndas.png 474w, https:\/\/jmconsulting.net.br\/wp-content\/uploads\/2023\/06\/gestaoVEndas-300x219.png 300w\" sizes=\"auto, (max-width: 474px) 100vw, 474px\" \/><\/figure>\n","protected":false},"excerpt":{"rendered":"<p>Com a finalidade de organizar as informa\u00e7\u00f5es, transform\u00e1-las em conhecimento e dando velocidade nas tomadas de decis\u00f5es desenvolvemos uma ferramenta exclusiva para os distribuidores do Agroneg\u00f3cio, seu nome: \u201cAthila Intelligence\u201d, um Portal de vendas customizado para sua empresa. Caracter\u00edsticas do<\/p>\n","protected":false},"author":1,"featured_media":0,"parent":0,"menu_order":0,"comment_status":"closed","ping_status":"closed","template":"","meta":{"cybocfi_hide_featured_image":"","footnotes":""},"class_list":["post-161","page","type-page","status-publish","hentry"],"_links":{"self":[{"href":"https:\/\/jmconsulting.net.br\/index.php\/wp-json\/wp\/v2\/pages\/161","targetHints":{"allow":["GET"]}}],"collection":[{"href":"https:\/\/jmconsulting.net.br\/index.php\/wp-json\/wp\/v2\/pages"}],"about":[{"href":"https:\/\/jmconsulting.net.br\/index.php\/wp-json\/wp\/v2\/types\/page"}],"author":[{"embeddable":true,"href":"https:\/\/jmconsulting.net.br\/index.php\/wp-json\/wp\/v2\/users\/1"}],"replies":[{"embeddable":true,"href":"https:\/\/jmconsulting.net.br\/index.php\/wp-json\/wp\/v2\/comments?post=161"}],"version-history":[{"count":1,"href":"https:\/\/jmconsulting.net.br\/index.php\/wp-json\/wp\/v2\/pages\/161\/revisions"}],"predecessor-version":[{"id":163,"href":"https:\/\/jmconsulting.net.br\/index.php\/wp-json\/wp\/v2\/pages\/161\/revisions\/163"}],"wp:attachment":[{"href":"https:\/\/jmconsulting.net.br\/index.php\/wp-json\/wp\/v2\/media?parent=161"}],"curies":[{"name":"wp","href":"https:\/\/api.w.org\/{rel}","templated":true}]}}